(-3)/((-3)/2). Suppose -2*u = -u + n. Let j(y) = 3*y**2 + y**3 + 4*y + y**2 + y**2. Give j(u).
0
Let l(m) = -m + 3. Let c(a) = -a**3 - 8*a**2 - 5*a + 10. Suppose -2*y = -3*y - 7. Let t be c(y). Give l(t).
7
Let f(v) be the third derivative of 5*v**4/12 + v**3/6 - 3*v**2. Give f(-1).
-9
Let a = -16 + 18. Let x be (-3)/a - 4/8. Let c(b) = -5 - 2*b**2 + 0 + 4. What is c(x)?
-9
Let h(n) be the second derivative of n**5/20 - n**4/12 + n**2 - 19*n - 2. Determine h(-2).
-10
Let i(z) = 3*z + 15. Let y be i(-6). Let h(b) = -b**2 - b. What is h(y)?
-6
Let i be 6/(-3) + 3 + -3. Let m(c) = c**3 + 3*c**2 + 3*c. Give m(i).
-2
Let c(z) be the second derivative of -z**5/20 - z**4/3 - z**3/6 - 2*z**2 - 15*z. Determine c(-3).
-10
Let d(q) = 6*q + 3. Let t(o) = -13*o - 6. Let g(n) = -9*d(n) - 4*t(n). Let m(v) = -v**3 - 3*v**2 + 14*v + 6. Let p be m(3). Give g(p).
9
Suppose -f = -3*f. Let v(y) be the second derivative of -y**6/120 - y**2/2 - 2*y. Let i(p) be the first derivative of v(p). Calculate i(f).
0
Let z(y) be the second derivative of y**4/12 - y**3/6 - 7*y**2/2 + 13*y. Give z(0).
-7
Let h(c) = -3*c + 3. Let t(q) = 5*q - 4. Let a be 4/(1 - (-1)/1). Suppose -a*x + 8 = -3*x. Let v(s) = x*h(s) - 5*t(s). Calculate v(-7).
3
Let q(c) = -c - 1. Let s = 19 - 14. Calculate q(s).
-6
Let v(x) = 3 + x + 0*x - 1 + 0. Let s be ((-3)/5 - -1)*-15. Determine v(s).
-4
Let z(x) = -x**3 + x**2 + x + 1. Let a be ((18/(-15))/3)/((-2)/(-10)). Give z(a).
11
Let i(b) be the first derivative of -b**3/3 - b**2/2 + 8*b - 62. What is i(0)?
8
Suppose 0 = -6*f - 0 + 6. Let t(w) = -w**3 - w**2 + 1. What is t(f)?
-1
Let p(c) = c - 4. Let z be (-5)/(-3*1/(-9)). Let s be (-6)/(-2)*(-20)/z. Let n(a) = a**3 - 5*a**2 + 5*a - 4. Let l be n(s). Determine p(l).
-4
Let v(a) = -a**3 + 4*a**2 - a + 2*a - 1 - 2*a + 2*a. Give v(4).
3
Let l be 84/(-16) - 1/(-4). Let f(t) be the first derivative of t**2 + 6*t - 7. What is f(l)?
-4
Let x be (-5 + 2 + 0)*(-1)/3. Let c be ((-1)/1)/(2/(-4)). Let b(r) = -c*r + 6*r - 1 + 0*r. Determine b(x).
3
Suppose h - 12 = -4*g, 6*g = g + 2*h + 28. Let p(r) be the first derivative of 3*r + 1/4*r**g - 1/3*r**3 - 2 + 1/2*r**2. Give p(0).
3
Let x(t) = 3*t**3 + 2*t**3 + 3 + 7*t + 7*t**2 - 4*t**3. Determine x(-6).
-3
Let p(s) = s**3 - 5*s**2 - s + 7. Suppose 4*b - 7 - 9 = 0, 2*n - b - 8 = 0. Suppose -30 = -q + 5*z, -z + n*z = -q - 20. Give p(q).
2
Let b(d) be the second derivative of d**4/6 + d**2/2 + 8*d. Give b(-1).
3
Suppose s = 2*m - 12, -m - 4*s = 3*m - 36. Let t(n) = n**3 - 7*n**2 - 3*n + 8. Calculate t(m).
-13
Let r = -4 + 5. Let g(u) be the second derivative of -u**6/120 + u**5/120 + u**4/4 + 2*u. Let k(b) be the third derivative of g(b). What is k(r)?
-5
Let z = 3 - 3. Let h(o) = -o + 11. What is h(z)?
11
Suppose q + 4 + 1 = -5*p, 2*p = -5*q + 21. Let b(z) = -3 + 3 + z + z**2 - 1. Calculate b(p).
1
Let n = 6 + -11. Let g(l) be the third derivative of l**6/120 + l**5/10 + 5*l**4/24 - l**3/2 - 2*l**2 - 26*l. What is g(n)?
-3
Let f = -4 + 2. Suppose 100 = 5*d - 225. Let i(l) = -l + 2*l + 67 - d. Calculate i(f).
0
Let m(i) = -5*i + 1. Suppose 34 = 4*c + 3*q, -3*q - 1 = -c - 0. Let z = -6 + c. What is m(z)?
-4
Let q(z) = 7*z**2 + 13*z - 1. Let i(c) = -6*c**2 - 12*c + 1. Let m(p) = 6*i(p) + 5*q(p). Give m(-7).
1
Let m(k) be the second derivative of 0*k**2 + 0 + 0*k**5 + 1/6*k**3 + k + 1/72*k**6 + 0*k**4. Let y(l) be the second derivative of m(l). Give y(-1).
5
Let a(y) = 2*y**2 + 6*y - 1. Let j(r) = -3*r**2 - 6*r. Let u(p) = 4*a(p) + 3*j(p). Calculate u(6).
-4
Let y = 3 - 1. Suppose -3*n - 3*r + 21 = 0, y*n - r = r + 6. Let g(o) = -o**3 + 4*o**2 + 6*o - 1. Calculate g(n).
4
Let i = -13 + 12. Let j(o) be the third derivative of o**6/10 + o**5/60 - o**4/24 - o**3/6 - o**2. Calculate j(i).
-11
Let h(c) be the third derivative of -c**5/60 + 11*c**4/24 + 5*c**3/2 - 4*c**2. Suppose -3 = -3*q + 33. Let g be h(q). Let l(w) = w**2 - 2*w - 1. What is l(g)?
2
Let i(v) be the first derivative of 5*v + 1 - 5/3*v**3 - v**2 - 1/4*v**4. Give i(-4).
-3
Let h(j) = j**2 - j + 3. Let s be h(0). Suppose -s*d + d - 2*t = 2, -2*d + 5*t + 19 = 0. Let l(r) = -3*r + 0*r + 4 + d. What is l(4)?
-6
Let z(n) = n**2 - 171*n + 0*n**2 + 165*n. Determine z(5).
-5
Let n be (36/126)/(1/7). Let v(t) = -5*t + 3. Calculate v(n).
-7
Suppose 5*x - 3 - 7 = 0. Let c(g) = 9*g**x - 3*g**2 + 3*g + 1 - 5 + g**3. Let k(f) = -f**2 - 4*f. Let q be k(-5). What is c(q)?
6
Suppose 4*s - 5 = 5*n + 4, -s + 2 = -n. Let c(y) = -3*y**3 + y**3 - 3*y**2 + s + y**3 + 8*y**2 - 4*y. Determine c(4).
1
Let c(g) be the second derivative of -g**5/24 - g**4/24 - 5*g**3/3 - 8*g. Let t(u) be the second derivative of c(u). Give t(1).
-6
Let i be (-9)/(-6) - 3/3. Let l(z) be the second derivative of 1/12*z**4 + 0 - 5/6*z**3 + z + i*z**2. Give l(5).
1
Suppose 0 = 2*n + 8, -5*n - 32 = 5*q + 28. Let x(s) = s**3 + 7*s**2 - 4*s + 9. Determine x(q).
-23
Suppose 1 = -3*o + 10. Suppose -o*h + 4*d = -22 - 1, 3*h = 3*d + 21. Let b = h - 9. Let c(r) = r + 1. What is c(b)?
-3
Let w(r) = -r**2 + r. Let v(u) = -4*u**2 + 3*u + 1. Let z(p) = -v(p) + 3*w(p). Give z(4).
15
Suppose 2*o + 4 = -5*d, 10 = 2*o - 2*d - 0*d. Let n(b) be the third derivative of b**o + 0*b + 1/60*b**5 + 0 - 1/4*b**4 + 2*b**2. Calculate n(4).
-2
Let n be 2*7/2*1. Suppose 2*v - n = v. Suppose v*u + 6 = 4*u. Let z(c) = c**3 + 3*c**2 + 3*c + 1. Determine z(u).
-1
Let r(f) = f**2 - f - 5. Let h be r(4). Let i(s) = -s**2 + 57 - 57 - h*s. What is i(-4)?
12
Let g(x) = x**3 - 7*x**2 + 8*x - 11. Let u be g(6). Let v(l) = 0 - u + 2 - 5 - 4*l + l**2. Determine v(5).
1
Let l(g) be the second derivative of -g**6/120 + g**5/12 - g**3/3 - g**2/2 + 3*g. Let t(w) be the first derivative of l(w). Determine t(5).
-2
Let y(x) be the first derivative of -x**2 - 7*x + 3. Let h be y(-7). Let g = -7 + h. Let q(l) = -l**2 - l - 5. Determine q(g).
-5
Suppose -2*b + 5 = -1. Let c(l) = l**2 - 2*l - 4. Calculate c(b).
-1
Let x(i) = -2*i - 2. Let l(m) = -3*m - 4. Let z(j) = -3*l(j) + 5*x(j). Give z(0).
2
Let w(r) = 10*r - 13. Let y(b) = 7*b - 9. Let h(m) = -5*w(m) + 7*y(m). What is h(4)?
-2
Let r(c) = 2*c**2 - 5*c - 3. Let h(x) = -10*x - 4. Let t be h(-4). Let i be (6/2)/(27/t). What is r(i)?
9
Let b(l) = -3*l - 1. Let h(u) = 5*u + 2. Let s(y) = 5*b(y) + 2*h(y). Determine s(1).
-6
Let s(b) = -b**3 + b**2 - b + 1. Let f(z) = -5*z**3 + 8*z**2 - 3. Let w(v) = -f(v) + 4*s(v). Give w(5).
12
Let k(g) be the first derivative of -g**3/3 - 3*g**2/2 + 3*g + 1. Suppose 5*q + 21 = -3*b, 0*b - 2*b + 8 = -4*q. Determine k(q).
3
Let w(x) = 5*x + 1. Suppose 12*f + 3 = 11*f. Calculate w(f).
-14
Let a(i) = 2*i**3 + i**2 - 2*i - 1. Let p(w) = -3*w**2 + 1. Let o = -2 - -1. Let j be p(o). Give a(j).
-9
Suppose 2 = s + 5. Let v(y) = 0*y + 0*y + 2*y - 4. Calculate v(s).
-10
Let o(y) = -y**3 + 5*y**2 - 6*y - 2. Let l(r) = -r**2 + r + 1. Let f(w) = -l(w) - o(w). Determine f(4).
21
Let g(j) = -j**3 + 5*j**2 + 8*j - 7. Let q be g(6). Let d = 10 - 1. Suppose 0 = 3*c + 4*x + 41 - d, 0 = -x - q. Let t(p) = -p - 2. Determine t(c).
2
Let l(v) = 5*v + v - 1 - 5*v. Let t(g) = -5*g. Let c(d) = -3*l(d) - t(d). What is c(3)?
9
Let z = 34 + -34. Let f(b) be the second derivative of -b**4/24 + 7*b**3/6 + b**2/2 + b. Let j(g) be the first derivative of f(g). What is j(z)?
7
Let t(l) = l**2 - 6*l - 3. Let v(n) = 3*n**2 - 12*n - 5. Let u(h) = 5*t(h) - 2*v(h). Determine u(-4).
3
Suppose -2*u = -4*u - q, 3*u - 26 = 5*q. Let f(i) = -2 - i**3 + i**u + 4*i**2 + 9. Suppose -3*y = -3*k + 15, 3*k + 7 = 2*y + 22. What is f(k)?
7
Let i(v) = -2*v**3 - 3*v**2 + v**3 - 3*v + 0*v + v**2 - 4. Give i(-3).
14
Let k(w) = w**3 - 6*w**2 + 5*w - 3. Let g be 46/10 + (-10)/(-25). What is k(g)?
-3
Let q(p) = -p**2 + 4*p - 1. Let o be q(3). Let d(r) = -r**2 - 2*r - 1 - o*r - r. Give d(-3).
5
Let o be (2 + -2)*2/(-4). Let y be (-7)/(-5) - 4/10. Let a = y + o. Let p(d) = -4*d. Determine p(a).
-4
Let v(p) = p + 3. Suppose 0 = -2*l - l + 4*k + 14, -14 = -2*l + 5*k. Suppose 3*c - g = -19, -c + 15 = 7*g - l*g. What is v(c)?
-2
Let o(i) = -i**3 + i**2 + i. Let u be o(2). Let p(z) = 5*z**3 + 2*z**2 - 6*z. Let g(t) = 11*t**3 + 4*t**2 - 13*t. Let c(k) = -4*g(k) + 9*p(k). Calculate c(u).
4
Let j be 96/28 + -6 + (-6)/14. Let b(u) = 4 + u**3 + 0*u**3 + 3*u**2 + 4*u - 3*u. Calculate b(j).
1
L